, 8537
What are the prime factors of 1135761363?
3, 11, 11472337
What are the prime factors of 5523129383?
131, 42161293
What are the prime factors of 211360804?
2, 52840201
List the prime factors of 1402510007.
1402510007
List the prime factors of 1698915374.
2, 13, 641, 101939
What are the prime factors of 1439941873?
1229, 1171637
List the prime factors of 136431010.
2, 5, 53, 59, 4363
List the prime factors of 5950807874.
2, 11, 17, 15911251
What are the prime factors of 22375085?
5, 4475017
List the prime factors of 27854174.
2, 47, 257, 1153
What are the prime factors of 9805889?
17, 23, 31, 809
What are the prime factors of 616532075?
5, 24661283
What are the prime factors of 3301322467?
107, 30853481
List the prime factors of 4600017233.
7, 17, 38655607
What are the prime factors of 65047790?
2, 5, 263, 24733
What are the prime factors of 1972152629?
1972152629
List the prime factors of 281036476.
2, 7, 43, 233419
What are the prime factors of 3140264849?
3140264849
List the prime factors of 31445290.
2, 5, 3144529
What are the prime factors of 256027834?
2, 29, 811, 5443
What are the prime factors of 95511256?
2, 43, 101, 2749
List the prime factors of 1102962801.
3, 6229, 59023
What are the prime factors of 144455185?
5, 7, 239, 2467
List the prime factors of 61483836.
2, 3, 199, 25747
What are the prime factors of 265496891?
11, 157, 153733
What are the prime factors of 824995286?
2, 9479, 43517
What are the prime factors of 2268386689?
11149, 203461
What are the prime factors of 811726263?
3, 90191807
What are the prime factors of 935493?
3, 13, 17, 83
What are the prime factors of 485696868?
2, 3, 17, 43, 3257
List the prime factors of 48113315.
5, 17, 127, 4457
What are the prime factors of 99044481?
3, 83, 311, 1279
List the prime factors of 433544585.
5, 193, 449269
List the prime factors of 180315165.
3, 5, 617, 19483
List the prime factors of 7420139.
41, 71, 2549
What are the prime factors of 5100418378?
2, 11, 1987, 10607
What are the prime factors of 427313581?
17, 25136093
What are the prime factors of 718233?
3, 17, 14083
List the prime factors of 90536795.
5, 281, 64439
What are the prime factors of 93828169?
93828169
List the prime factors of 824003564.
2, 29, 71, 100049
What are the prime factors of 22840629?
3, 7, 71, 15319
List the prime factors of 789531531.
3, 769, 342233
What are the prime factors of 25647928?
2, 443, 7237
What are the prime factors of 77038928?
2, 251, 19183
List the prime factors of 1230558276.
2, 3, 29, 1451, 2437
List the prime factors of 444134906.
2, 222067453
What are the prime factors of 9606844?
2, 13, 239, 773
What are the prime factors of 3298914797?
103, 3571, 8969
What are the prime factors of 1418509932?
2, 3, 7, 239, 70657
What are the prime factors of 858392295?
3, 5, 57226153
What are the prime factors of 244532847?
3, 13, 6270073
List the prime factors of 4441258824.
2, 3, 29, 191, 33409
List the prime factors of 15989692.
2, 23, 151, 1151
What are the prime factors of 1923816250?
2, 5, 1539053
What are the prime factors of 60048284?
2, 17, 19, 46477
List the prime factors of 73831104.
2, 3, 23, 5573
What are the prime factors of 319117598?
2, 159558799
List the prime factors of 133257741.
3, 53, 838099
What are the prime factors of 30267479?
11, 73, 37693
What are the prime factors of 5327710733?
17, 313394749
List the prime factors of 76902694.
2, 11, 3495577
List the prime factors of 1015873835.
5, 193, 1052719
What are the prime factors of 3299128760?
2, 5, 5521, 14939
List the prime factors of 100530646.
2, 29, 43, 173, 233
List the prime factors of 28510360.
2, 5, 17, 41927
What are the prime factors of 289001721?
3, 937, 102811
What are the prime factors of 25396005?
3, 5, 1693067
What are the prime factors of 136421697?
3, 131, 347129
List the prime factors of 4894237221.
3, 263, 6203089
What are the prime factors of 1371360647?
281, 4880287
List the prime factors of 106121843.
401, 264643
List the prime factors of 2782266036.
2, 3, 11, 17, 907, 1367
What are the prime factors of 10566989?
10566989
List the prime factors of 236842065.
3, 5, 43, 122399
List the prime factors of 32005912.
2, 41, 97579
What are the prime factors of 187673531?
1039, 180629
What are the prime factors of 699221078?
2, 349610539
List the prime factors of 29041717.
29041717
What are the prime factors of 253930386?
2, 3, 42321731
List the prime factors of 42393458.
2, 181, 117109
What are the prime factors of 7510535?
5, 23, 65309
List the prime factors of 738648141.
3, 7, 11, 3197611
List the prime factors of 237756352.
2, 3714943
List the prime factors of 71734354.
2, 67, 257, 2083
What are the prime factors of 412879934?
2, 1123, 183829
What are the prime factors of 2704237589?
1361, 1986949
What are the prime factors of 1830659896?
2, 13, 17602499
What are the prime factors of 1322285715?
3, 5, 19, 61, 313
List the prime factors of 163725747.
3, 101, 540349
What are the prime factors of 1180446657?
3, 13, 30267863
What are the prime factors of 7500718734?
2, 3, 59, 151, 140321
List the prime factors of 602304726.
2, 3, 23, 131, 33317
What are the prime factors of 14065588?
2, 3516397
List the prime factors of 20990186.
2, 7, 641, 2339
List the prime factors of 26464994.
2, 29, 456293
List the prime factors of 177187031.
7, 163, 155291
What are the prime factors of 1153330767?
3, 128147863
List the prime factors of 101128633.
101128633
List the prime factors of 3701483528.
2, 97, 107, 44579
List the prime factors of 26060653.
26060653
List the prime factors of 70906529.
79, 449, 1999
What are the prime factors of 1139408657?
97, 283, 41507
List the prime factors of 21992310.
2, 3, 5, 19, 1429
List the prime factors of 10286170.
2, 5, 1028617
What are the prime factors of 6563203?
6563203
List the prime factors of 73930223.
877, 84299
List the prime factors of 80106060.
2, 3, 5, 223, 5987
What are the prime factors of 362526586?
2, 31, 5847203
What are the prime factors of 40445144?
2, 37, 107, 1277
List the prime factors of 8849311016.
2, 7, 13, 37, 46933
What are the prime factors of 2035625?
5, 3257
What are the prime factors of 6336766286?
2, 17, 643, 289853
List the prime factors of 99783799.
211, 472909
List the prime factors of 3730737731.
7, 532962533
List the prime factors of 966987726.
2, 3, 353, 456557
List the prime factors of 1357441363.
223, 6087181
What are the prime factors of 291810028?
2, 47, 653, 2377
List the prime factors of 2912889180.
2, 3, 5, 48548153
List the prime factors of 451474888.
2, 37, 43, 79, 449
List the prime factors of 1257566388.
2, 3, 13, 8061323
List the prime factors of 18471763.
1009, 18307
What are the prime factors of 65514158?
2, 17, 821, 2347
What are the prime factors of 3607330854?
2, 3, 4493, 133813
What are the prime factors of 823418452?
2, 593, 347141
What are the prime factors of 134375201?
19, 107, 157, 421
List the prime factors of 689514927.
3, 31, 941, 7879
What are the prime factors of 39932167?
11, 17, 19, 11239
What are the prime factors of 4344467978?
2, 2172233989
List the prime factors of 2662213739.
17183, 154933
List the prime factors of 243529219.
71, 3429989
What are the prime factors of 295736519?
13, 29, 784447
What are the prime factors of 661306107?
3, 7, 11, 408971
List the prime factors of 679454.
2, 339727
What are the prime factors of 45764895?
3, 5, 11, 277363
List the prime factors of 81198268.
2, 907, 22381
List the prime factors of 1870441052.
2, 23, 233, 87257
What are the prime factors of 27742143?
3, 11, 13, 64667
List the prime factors of 27830131.
7, 163, 24391
What are the prime factors of 1077644449?
7, 153949207
List the prime factors of 113245658.
2, 56622829
List the prime factors of 1424293948.
2, 7, 11, 73, 63347
List the prime factors of 66876098.
2, 33438049
What are the prime factors of 13652905?
5, 7, 390083
What are the prime factors of 4240950787?
4240950787
List the prime factors of 484257151.
7, 151, 65449
List the prime factors of 174136151.
7, 17, 23, 61, 149
List the prime factors of 126958187.
126958187
What are the prime factors of 561713283?
3, 19, 3284873
List the prime factors of 14288208.
2, 3, 11, 27061
What are the prime factors of 192118982?
2, 11, 337, 25913
List the prime factor